, -5*x + 1674 = -4*r. List the prime factors of x.
2, 13
Suppose 70*u + 466 = 68*u. Let b = 394 + u. List the prime factors of b.
7, 23
Let k = 182172 + -129500. What are the prime factors of k?
2, 823
Let c be -4*(65/(-52))/(1 - 0). Let f(m) = 3*m**2 - m. Let p be f(1). Suppose p*q - 5*o - 53 = 46, c*o = 4*q - 203. What are the prime factors of q?
2, 13
Let n = -3737 + 2469. Let q be 6/33 + (n/(-44) - 0). Suppose -720 = 24*g - q*g. What are the prime factors of g?
2, 3
Let y(g) = -580*g - 2109. What are the prime factors of y(-6)?
3, 457
Let y be (-248)/(-24) + -6 + 4/6. Let t be (-802)/(-8) - y/20. Let j = -28 + t. List the prime factors of j.
2, 3
Suppose 0 = -11*h - 7*h + 72. Suppose -h*w + 4*s = -1396, -5*w - 3*s = -2*s - 1715. What are the prime factors of w?
2, 43
Suppose 0 = 9*l - 0*l + 297. Let m be (-77)/l - (-2)/(-6). What are the prime factors of (-1 - -1) + (m + 213 - 3)?
2, 53
Let h = 13 + 1. Let k(o) = -o + 20. Let v be k(h). Suppose -396 = v*g - 9*g. What are the prime factors of g?
2, 3, 11
Suppose -5*v - 36 = w - 308, 0 = 5*v + 2*w - 274. Suppose -34753 - 50837 = -v*p. List the prime factors of p.
5, 317
Let q(p) = p**3 - 23*p**2 - 70*p - 74. What are the prime factors of q(39)?
2, 7, 769
Let t(h) = 22*h**2 + 51*h + 38. Let m be t(-22). Suppose 0 = 38*d - m - 1798. What are the prime factors of d?
13, 23
Let z = -13 - -30. Let n = z - 14. Suppose 0 = -3*c, 3*c = n*a - 378 + 57. What are the prime factors of a?
107
Suppose 5411*s - 5425*s + 306796 = 0. What are the prime factors of s?
2, 10957
Suppose 226*o + 2582520 - 8835911 = 3538285. What are the prime factors of o?
2, 3, 29, 83
Suppose 2*i - 15*m + 13*m = 16856, 3*m = -15. List the prime factors of i.
8423
Suppose 10*k = 9*k + 1. Let q be (-3)/k - -2 - (-3 - 0). Suppose -q*j + 1690 = 8*j. What are the prime factors of j?
13
Suppose -6*m - 70945 = -5*b, -2*b = -13*m + 15*m - 28378. List the prime factors of b.
7, 2027
Let p be 546/28*(1 + -57 + 0). Let i = -487 - p. List the prime factors of i.
5, 11
Suppose -6*o + 4*x - 171 = -3*o, 0 = 5*x + 15. Let i = 69 + o. List the prime factors of i/28 + 992/7.
2, 71
Suppose 6*q = 19538 + 11818. What are the prime factors of q?
2, 3, 13, 67
Let g be 2 - (-16)/6*300/16. Let y = g + -37. List the prime factors of 416/20 + (-12)/y.
2, 5
Suppose 5*t - 475 = -5*r - 0*r, 481 = 5*r - t. Let p = r + 133. What are the prime factors of p?
229
Let o be (1 - (-7 + 5))*130/6. Suppose -o + 1587 = 2*q. What are the prime factors of q?
761
Let c = -280 + 1099. Let t = c - 292. List the prime factors of t.
17, 31
Suppose -2*z = z - 2*d - 982, 0 = 4*z - 2*d - 1312. Let y(c) = c**3 + 14*c**2 - 12*c - 58. Let q be y(-10). Let f = q - z. List the prime factors of f.
2, 3, 11
Let y be 2/(14/3 + -4). Suppose 0 = a + y*a - 636. Let s = 232 - a. What are the prime factors of s?
73
Let f = 12514 + -4031. What are the prime factors of f?
17, 499
Let g(c) = -81*c - 40. Let o be g(-3). Suppose 0 = 6*k - 995 + o. List the prime factors of k.
2, 3, 11
What are the prime factors of (3 + ((-945)/14)/(-15))*1094?
3, 5, 547
Let q(p) = 2*p + 18. Let i be q(-6). List the prime factors of 96/(-16)*(-142)/i.
2, 71
Let g be 1 - (-5210)/4 - (-65)/26. Suppose -12*z + g + 3674 = 0. What are the prime factors of z?
5, 83
Let w(u) = 2*u**2 - 12*u + 10. Let o(r) = r**3 + 19*r**2 - 3*r - 46. Let b be o(-19). Let x be w(b). Let z = -9 + x. List the prime factors of z.
3, 37
Suppose v + 16 = 2*c, 17*c - 12*c = -4*v + 27. Let q(a) = -8 + 15*a + 6 + 16. What are the prime factors of q(c)?
7, 17
Suppose 3*u - 127800 = -75*n + 78*n, -42572 = -u - 3*n. List the prime factors of u.
191, 223
Let l = 285 - 257. Suppose 2*p - l*p = -31746. What are the prime factors of p?
3, 11, 37
Suppose 3*q = 7*q + 200. Let s be (-11)/110 + 4/40 + 45. Let h = s - q. List the prime factors of h.
5, 19
What are the prime factors of 68/(-136)*(-43492)/1?
2, 83, 131
List the prime factors of 80/(14 - (-55635)/(-3975)).
2, 5, 53
Let n = -44 + 48. Suppose 0 = 4*h + 4*j - 12 - 12, n*h - j = 39. List the prime factors of (-4)/(-18) - (-88)/h.
2, 5
Suppose -4*z = 4*b - 24, 2*b + 3 + 0 = z. What are the prime factors of (-3)/b + 194 + 5?
2, 7
Suppose 77498 + 982324 = 16*l + 183086. What are the prime factors of l?
2, 7, 19, 103
List the prime factors of 30244 + -21 - (18 + -4).
17, 1777
Let r = -3586 + 6829. What are the prime factors of r?
3, 23, 47
Suppose 5*z - 24968 = -2*s, -3*s + z + 8774 = -28712. What are the prime factors of s?
2, 6247
Let k(n) = -2*n - 5*n**3 + 3*n**3 + 347 + 3*n**3 + 2*n**2. List the prime factors of k(0).
347
Let q = -454 + 461. Let h(z) = 31*z - 53. List the prime factors of h(q).
2, 41
Let r(k) = -44*k**3 + 6*k**2 + 49*k + 251. List the prime factors of r(-9).
2, 8093
Suppose 8*l - 2114 = 942. Let w = l + -257. List the prime factors of w.
5
Suppose 23*z = -9589 + 159. Let h = z + 881. List the prime factors of h.
3, 157
Let t(c) = 3*c**2 + 7*c + 8. Let n be t(-1). Let s be n + (67*50)/(-5). List the prime factors of (s/15)/((-6)/15).
3, 37
Let d(t) = 30*t + 44. Let b be -1 + 4/6 - 1406/(-114). List the prime factors of d(b).
2, 101
Suppose -3*y = 2*u - 12001, -2*u = y - 2580 - 1415. List the prime factors of y.
4003
Let n(k) be the third derivative of k**5/30 - k**4/8 + 68*k**2 - 1. What are the prime factors of n(27)?
3, 17
Suppose q + 5*q - 2*q = 0. Suppose q = 5*o - 55 - 70. List the prime factors of 3340/o - 7 - (-4)/10.
127
Let s = 57 - 55. Let o be (-16 + 40)*(2*-2)/s. What are the prime factors of (-765)/(-4) - (-12)/o?
191
Let d(j) = 4*j - 2. Let b(q) = -q - 15. Let n be b(-17). Let s be d(n). Suppose -s = -2*p, 2*a - 75 - 54 = -5*p. List the prime factors of a.
3, 19
Let c be (3 + 2/(-4))/(5/4). Let l be -1*c/(-4) + (-2158)/(-4). Suppose -9*d + l = -5*d - 2*u, 5*d - u - 669 = 0. What are the prime factors of d?
7, 19
Let h(b) = -7*b**3 - 3*b**2 + 12*b - 18. Let u be h(2). Let v = u + 227. List the prime factors of v.
3, 5, 11
Let d(n) = 260*n - 51. Suppose 0 = 8*s - 228 + 212. What are the prime factors of d(s)?
7, 67
Let q = -130 + 132. List the prime factors of 69*(0 - -6)/q.
3, 23
Let j = -495 + 11787. What are the prime factors of j?
2, 3, 941
Suppose -568332 = -63*v + 201402. List the prime factors of v.
2, 41, 149
Let s(x) = 10*x + 210. Let v be s(-20). Suppose -7*j - 9 = -v*j, 2*y = 5*j + 2015. List the prime factors of y.
5, 7, 29
Suppose -w + 4*f + 4628 = 0, 0*f - 23215 = -5*w - 5*f. List the prime factors of w.
2, 5, 29
Suppose -18*v = -21*v - 48. Let a = v - -25. What are the prime factors of ((-9)/4 - a/(-36)) + 162?
2, 5
Suppose -5 = -2*n - 1. Suppose 622 = 5*t + r, n*t - 247 = -0*t - r. List the prime factors of t.
5
Let o(x) = 814*x**2 - 8*x - 134. List the prime factors of o(10).
2, 3, 7, 1933
Suppose 3*c + 5*s - 17455 = 0, -4*s + 323 = c - 5507. List the prime factors of c.
2, 5, 7, 83
Let s(c) = 5*c**2 - 5 - 5*c + 7*c + 6*c. Let f be s(4). Suppose -2*o - 3*n - f = -3*o, 3*o - 266 = -2*n. List the prime factors of o.
2, 23
Let o = 22937 + -15081. What are the prime factors of o?
2, 491
Let p = -28480 + 42425. List the prime factors of p.
5, 2789
Let r be (-2 - 0)*99/(-66). Let p be 8*1 - 0/3. List the prime factors of -478*(-2)/p + r/6.
2, 3, 5
Let w be (-2)/6 - 16/(-12) - 1. Let u be 16 + w + (4 - -1) + -4. Let j = u + 58. List the prime factors of j.
3, 5
Let j be 4 - 1 - (-6 - -11)/(-5). Suppose 0 = j*n + 4*b - 2712, -3*b - 2684 = -5*n + n. List the prime factors of n.
2, 337
Suppose 5*y + 21*v - 222088 = 24*v, y - 44419 = 2*v. List the prime factors of y.
44417
Let d be (-4)/(-10)*(7507 - -23). Suppose 0 = 2*j - 8, 4*v - 41*j - d = -43*j. What are the prime factors of v?
751
Let s(j) = 2*j + 52. Let o(q) = 1. Let x(l) = 2*o(l) - s(l). Let a be x(-17). List the prime factors of -2 + (a/(-24) - (-250)/3).
2, 41
Suppose -4*z - 10 = 5*p + z, 0 = 5*p - z + 4. Let v be (33/(-22))/(p/2). Suppose -v*t + 193 = 4*u, 3*u + u + 375 = 5*t. List the prime factors of t.
71
Let y be 60/48 - (-31)/4. Let o(n) be the first derivative of n**3/3 - 3*n**2 + 3. What are the prime factors of o(y)?
3
Let t(b) = -557*b - 16655. List the prime factors of t(-173).
2, 11, 3623
Suppose -6*p + 12 = -2*p. Suppose -49 = -p*o - 1. Let q = o - -15. What are the prime factors of q?
